{"id":29,"date":"2024-12-08T17:10:26","date_gmt":"2024-12-08T17:10:26","guid":{"rendered":"https:\/\/zolhos.com.br\/eita\/about\/"},"modified":"2024-12-12T14:36:47","modified_gmt":"2024-12-12T14:36:47","slug":"sobre","status":"publish","type":"page","link":"https:\/\/zolhos.com.br\/eita\/sobre\/","title":{"rendered":"Sobre n\u00f3s"},"content":{"rendered":"\t\t<div data-elementor-type=\"wp-page\" data-elementor-id=\"29\" class=\"elementor elementor-29\">\n\t\t\t\t<div class=\"elementor-element elementor-element-af9412d e-con-full e-flex e-con e-parent\" data-id=\"af9412d\" data-element_type=\"container\" data-settings=\"{&quot;background_background&quot;:&quot;classic&quot;,&quot;shape_divider_bottom&quot;:&quot;tilt&quot;}\">\n\t\t\t\t<div class=\"elementor-shape elementor-shape-bottom\" data-negative=\"false\">\n\t\t\t<svg xmlns=\"http:\/\/www.w3.org\/2000\/svg\" viewBox=\"0 0 1000 100\" preserveAspectRatio=\"none\">\n\t<path class=\"elementor-shape-fill\" d=\"M0,6V0h1000v100L0,6z\"\/>\n<\/svg>\t\t<\/div>\n\t\t<div class=\"elementor-element elementor-element-6d39f74 e-con-full e-flex e-con e-child\" data-id=\"6d39f74\" data-element_type=\"container\">\n\t\t\t\t<div class=\"elementor-element elementor-element-da65723 elementor-widget elementor-widget-icon-box\" data-id=\"da65723\" data-element_type=\"widget\" data-widget_type=\"icon-box.default\">\n\t\t\t\t<div class=\"elementor-widget-container\">\n\t\t\t\t\t<div class=\"elementor-icon-box-wrapper\">\n\n\t\t\t\n\t\t\t\t\t\t<div class=\"elementor-icon-box-content\">\n\n\t\t\t\t\t\t\t\t\t<h1 class=\"elementor-icon-box-title\">\n\t\t\t\t\t\t<span  >\n\t\t\t\t\t\t\tEITA!\t\t\t\t\t\t<\/span>\n\t\t\t\t\t<\/h1>\n\t\t\t\t\n\t\t\t\t\t\t\t\t\t<p class=\"elementor-icon-box-description\">\n\t\t\t\t\t\tENCONTRO INTERNACIONAL DE ARTE CONTEMPOR\u00c2NEA\t\t\t\t\t<\/p>\n\t\t\t\t\n\t\t\t<\/div>\n\t\t\t\n\t\t<\/div>\n\t\t\t\t<\/div>\n\t\t\t\t<\/div>\n\t\t\t\t<\/div>\n\t\t\t\t<\/div>\n\t\t<div class=\"elementor-element elementor-element-6b1874c e-flex e-con-boxed e-con e-parent\" data-id=\"6b1874c\" data-element_type=\"container\" data-settings=\"{&quot;background_background&quot;:&quot;classic&quot;}\">\n\t\t\t\t\t<div class=\"e-con-inner\">\n\t\t<div class=\"elementor-element elementor-element-439e0a0 e-con-full e-flex e-con e-child\" data-id=\"439e0a0\" data-element_type=\"container\">\n\t\t\t\t<div class=\"elementor-element elementor-element-e8e1b18 elementor-widget elementor-widget-image\" data-id=\"e8e1b18\" data-element_type=\"widget\" data-widget_type=\"image.default\">\n\t\t\t\t<div class=\"elementor-widget-container\">\n\t\t\t\t\t\t\t\t\t\t\t\t\t<img fetchpriority=\"high\" decoding=\"async\" width=\"1024\" height=\"576\" src=\"https:\/\/zolhos.com.br\/eita\/wp-content\/uploads\/2024\/12\/EITA-1-1024x576.jpg\" class=\"attachment-large size-large wp-image-1101\" alt=\"\" srcset=\"https:\/\/zolhos.com.br\/eita\/wp-content\/uploads\/2024\/12\/EITA-1-1024x576.jpg 1024w, https:\/\/zolhos.com.br\/eita\/wp-content\/uploads\/2024\/12\/EITA-1-300x169.jpg 300w, https:\/\/zolhos.com.br\/eita\/wp-content\/uploads\/2024\/12\/EITA-1-768x432.jpg 768w, https:\/\/zolhos.com.br\/eita\/wp-content\/uploads\/2024\/12\/EITA-1-1536x864.jpg 1536w, https:\/\/zolhos.com.br\/eita\/wp-content\/uploads\/2024\/12\/EITA-1.jpg 1920w\" sizes=\"(max-width: 1024px) 100vw, 1024px\" \/>\t\t\t\t\t\t\t\t\t\t\t\t\t<\/div>\n\t\t\t\t<\/div>\n\t\t\t\t<\/div>\n\t\t<div class=\"elementor-element elementor-element-7d14d1a e-con-full e-flex e-con e-child\" data-id=\"7d14d1a\" data-element_type=\"container\">\n\t\t\t\t<div class=\"elementor-element elementor-element-8b0ee63 elementor-vertical-align-top elementor-widget elementor-widget-icon-box\" data-id=\"8b0ee63\" data-element_type=\"widget\" data-widget_type=\"icon-box.default\">\n\t\t\t\t<div class=\"elementor-widget-container\">\n\t\t\t\t\t<div class=\"elementor-icon-box-wrapper\">\n\n\t\t\t\n\t\t\t\t\t\t<div class=\"elementor-icon-box-content\">\n\n\t\t\t\t\t\t\t\t\t<h4 class=\"elementor-icon-box-title\">\n\t\t\t\t\t\t<span  >\n\t\t\t\t\t\t\tSOBRE N\u00d3S\t\t\t\t\t\t<\/span>\n\t\t\t\t\t<\/h4>\n\t\t\t\t\n\t\t\t\t\t\t\t\t\t<p class=\"elementor-icon-box-description\">\n\t\t\t\t\t\t<p>A exposi\u00e7\u00e3o <strong>\"EITA\"<\/strong> (Encontro Internacional de Arte Contempor\u00e2nea) chega a Sobral-CE como um marco na cena art\u00edstica contempor\u00e2nea, reunindo 50 artistas de diferentes partes do mundo para um evento que transcende fronteiras e redefine a experi\u00eancia da arte. Misturando instala\u00e7\u00e3o, performance, arte ef\u00eamera, v\u00eddeo arte e arte digital, \"EITA\" prop\u00f5e um territ\u00f3rio f\u00e9rtil para a experimenta\u00e7\u00e3o, onde o p\u00fablico \u00e9 convidado a interagir, refletir e se imergir em cria\u00e7\u00f5es que dialogam com o presente e desafiam as conven\u00e7\u00f5es tradicionais das linguagens art\u00edsticas.<\/p>\n<p>Em um espa\u00e7o que celebra a diversidade e a inova\u00e7\u00e3o, \"EITA\" transforma Sobral em um ponto de encontro para artistas, pensadores e espectadores, promovendo trocas culturais e experi\u00eancias sensoriais \u00fanicas. Mais do que uma exposi\u00e7\u00e3o, \"EITA\" \u00e9 um convite para repensar o papel da arte na contemporaneidade e vivenciar novas formas de express\u00e3o que conectam o local ao global, o ef\u00eamero ao eterno, o digital ao humano.<\/p>\n<p>Sobral se torna, assim, um epicentro criativo onde a arte pulsa viva, convidando todos a embarcarem nessa jornada transformadora.<\/p>\n\t\t\t\t\t<\/p>\n\t\t\t\t\n\t\t\t<\/div>\n\t\t\t\n\t\t<\/div>\n\t\t\t\t<\/div>\n\t\t\t\t<\/div>\n\t\t\t\t<\/div>\n\t\t\t\t\t<\/div>\n\t\t\t\t<\/div>\n\t\t<div class=\"elementor-element elementor-element-b677a0c e-flex e-con-boxed e-con e-parent\" data-id=\"b677a0c\" data-element_type=\"container\">\n\t\t\t\t\t<div class=\"e-con-inner\">\n\t\t<div class=\"elementor-element elementor-element-9dfd92d e-con-full e-flex e-con e-child\" data-id=\"9dfd92d\" data-element_type=\"container\">\n\t\t\t\t<div class=\"elementor-element elementor-element-07e4e5b elementor-widget elementor-widget-image\" data-id=\"07e4e5b\" data-element_type=\"widget\" data-widget_type=\"image.default\">\n\t\t\t\t<div class=\"elementor-widget-container\">\n\t\t\t\t\t\t\t\t\t\t\t\t\t<img decoding=\"async\" width=\"1024\" height=\"109\" src=\"https:\/\/zolhos.com.br\/eita\/wp-content\/uploads\/2024\/12\/horizontal-mono-negativa-1024x109.png\" class=\"attachment-large size-large wp-image-1161\" alt=\"Este projeto \u00e9 apoiado pela Secretaria da Cultura do Estado do Cear\u00e1, com recursos da Lei Paulo Gustavo (Lei Complementar n. 195\/2022)\" srcset=\"https:\/\/zolhos.com.br\/eita\/wp-content\/uploads\/2024\/12\/horizontal-mono-negativa-1024x109.png 1024w, https:\/\/zolhos.com.br\/eita\/wp-content\/uploads\/2024\/12\/horizontal-mono-negativa-300x32.png 300w, https:\/\/zolhos.com.br\/eita\/wp-content\/uploads\/2024\/12\/horizontal-mono-negativa-768x82.png 768w, https:\/\/zolhos.com.br\/eita\/wp-content\/uploads\/2024\/12\/horizontal-mono-negativa-1536x164.png 1536w, https:\/\/zolhos.com.br\/eita\/wp-content\/uploads\/2024\/12\/horizontal-mono-negativa.png 1694w\" sizes=\"(max-width: 1024px) 100vw, 1024px\" \/>\t\t\t\t\t\t\t\t\t\t\t\t\t<\/div>\n\t\t\t\t<\/div>\n\t\t\t\t<\/div>\n\t\t\t\t\t<\/div>\n\t\t\t\t<\/div>\n\t\t\t\t<\/div>\n\t\t","protected":false},"excerpt":{"rendered":"<p>EITA! ENCONTRO INTERNACIONAL DE ARTE CONTEMPOR\u00c2NEA SOBRE N\u00d3S A exposi\u00e7\u00e3o &#8220;EITA&#8221; (Encontro Internacional de Arte Contempor\u00e2nea) chega a Sobral-CE como um marco na cena art\u00edstica contempor\u00e2nea, reunindo 50 artistas de diferentes partes do mundo para um evento que transcende fronteiras e redefine a experi\u00eancia da arte. Misturando instala\u00e7\u00e3o, performance, arte ef\u00eamera, v\u00eddeo arte e arte [&hellip;]<\/p>\n","protected":false},"author":1,"featured_media":0,"parent":0,"menu_order":0,"comment_status":"closed","ping_status":"closed","template":"","meta":{"_surecart_dashboard_logo_width":"180px","_surecart_dashboard_show_logo":true,"_surecart_dashboard_navigation_orders":true,"_surecart_dashboard_navigation_invoices":true,"_surecart_dashboard_navigation_subscriptions":true,"_surecart_dashboard_navigation_downloads":true,"_surecart_dashboard_navigation_billing":true,"_surecart_dashboard_navigation_account":true,"site-sidebar-layout":"no-sidebar","site-content-layout":"page-builder","ast-site-content-layout":"","site-content-style":"default","site-sidebar-style":"default","ast-global-header-display":"","ast-banner-title-visibility":"","ast-main-header-display":"","ast-hfb-above-header-display":"","ast-hfb-below-header-display":"","ast-hfb-mobile-header-display":"","site-post-title":"disabled","ast-breadcrumbs-content":"disabled","ast-featured-img":"disabled","footer-sml-layout":"","theme-transparent-header-meta":"enabled","adv-header-id-meta":"","stick-header-meta":"","header-above-stick-meta":"","header-main-stick-meta":"","header-below-stick-meta":"","astra-migrate-meta-layouts":"default","ast-page-background-enabled":"default","ast-page-background-meta":{"desktop":{"background-color":"","background-image":"","background-repeat":"repeat","background-position":"center center","background-size":"auto","background-attachment":"scroll","background-type":"","background-media":"","overlay-type":"","overlay-color":"","overlay-opacity":"","overlay-gradient":""},"tablet":{"background-color":"","background-image":"","background-repeat":"repeat","background-position":"center center","background-size":"auto","background-attachment":"scroll","background-type":"","background-media":"","overlay-type":"","overlay-color":"","overlay-opacity":"","overlay-gradient":""},"mobile":{"background-color":"","background-image":"","background-repeat":"repeat","background-position":"center center","background-size":"auto","background-attachment":"scroll","background-type":"","background-media":"","overlay-type":"","overlay-color":"","overlay-opacity":"","overlay-gradient":""}},"ast-content-background-meta":{"desktop":{"background-color":"var(--ast-global-color-5)","background-image":"","background-repeat":"repeat","background-position":"center center","background-size":"auto","background-attachment":"scroll","background-type":"","background-media":"","overlay-type":"","overlay-color":"","overlay-opacity":"","overlay-gradient":""},"tablet":{"background-color":"var(--ast-global-color-5)","background-image":"","background-repeat":"repeat","background-position":"center center","background-size":"auto","background-attachment":"scroll","background-type":"","background-media":"","overlay-type":"","overlay-color":"","overlay-opacity":"","overlay-gradient":""},"mobile":{"background-color":"var(--ast-global-color-5)","background-image":"","background-repeat":"repeat","background-position":"center center","background-size":"auto","background-attachment":"scroll","background-type":"","background-media":"","overlay-type":"","overlay-color":"","overlay-opacity":"","overlay-gradient":""}},"footnotes":""},"class_list":["post-29","page","type-page","status-publish","hentry"],"_links":{"self":[{"href":"https:\/\/zolhos.com.br\/eita\/wp-json\/wp\/v2\/pages\/29","targetHints":{"allow":["GET"]}}],"collection":[{"href":"https:\/\/zolhos.com.br\/eita\/wp-json\/wp\/v2\/pages"}],"about":[{"href":"https:\/\/zolhos.com.br\/eita\/wp-json\/wp\/v2\/types\/page"}],"author":[{"embeddable":true,"href":"https:\/\/zolhos.com.br\/eita\/wp-json\/wp\/v2\/users\/1"}],"replies":[{"embeddable":true,"href":"https:\/\/zolhos.com.br\/eita\/wp-json\/wp\/v2\/comments?post=29"}],"version-history":[{"count":7,"href":"https:\/\/zolhos.com.br\/eita\/wp-json\/wp\/v2\/pages\/29\/revisions"}],"predecessor-version":[{"id":1187,"href":"https:\/\/zolhos.com.br\/eita\/wp-json\/wp\/v2\/pages\/29\/revisions\/1187"}],"wp:attachment":[{"href":"https:\/\/zolhos.com.br\/eita\/wp-json\/wp\/v2\/media?parent=29"}],"curies":[{"name":"wp","href":"https:\/\/api.w.org\/{rel}","templated":true}]}}